5
In base 15, what is -5 - 2d7?
-2dc
In base 2, what is -110 - 10100001100?
-10100010010
In base 6, what is -212 - -3?
-205
In base 9, what is 3 + -434?
-431
In base 10, what is 11 - 4?
7
In base 5, what is -4 - 2221?
-2230
In base 9, what is -4 - -15?
11
In base 16, what is -1dd - -7?
-1d6
In base 11, what is 5 + 560?
565
In base 3, what is -1120211001 - -10?
-1120210221
In base 14, what is -a + -1?
-b
In base 9, what is -44 + 134?
80
In base 5, what is 1 - 12?
-11
In base 12, what is 45 - -2?
47
In base 15, what is -13b0 + 1?
-13ae
In base 5, what is 1303 - -2?
1310
In base 11, what is 127 + 7?
133
In base 14, what is 4 + 126?
12a
In base 11, what is 626 - 2?
624
In base 13, what is 1 + -1596?
-1595
In base 5, what is -42240 - 10?
-42300
In base 5, what is 23 + -101?
-23
In base 11, what is 4 - -56?
5a
In base 13, what is -c - 8?
-17
In base 11, what is 19 + -4?
15
In base 11, what is 0 + 417?
417
In base 14, what is 6 + 14?
1a
In base 6, what is 5 + -13145?
-13140
In base 4, what is 301 + -11?
230
In base 10, what is 13 + 158?
171
In base 11, what is -1 - 2a8?
-2a9
In base 11, what is -3 + 344?
341
In base 10, what is 83 - 5?
78
In base 4, what is 10 + -13102?
-13032
In base 12, what is -4 + 24?
20
In base 7, what is -1 + 25?
24
In base 2, what is -110100011110 + 0?
-110100011110
In base 5, what is 2 + 3204?
3211
In base 14, what is -b + -29?
-36
In base 7, what is -1226 - 2?
-1231
In base 6, what is -2 + -353?
-355
In base 8, what is -55 + -7?
-64
In base 15, what is 93 - -e?
a2
In base 15, what is -1b0 + 5?
-1aa
In base 3, what is -2 + 222?
220
In base 9, what is 6 + -8?
-2
In base 16, what is 3a + -7?
33
In base 5, what is 14300 - 33?
14212
In base 13, what is 7 - 56?
-4c
In base 15, what is 43 - -11b?
15e
In base 12, what is -a + -5b?
-69
In base 13, what is a - 7a?
-70
In base 5, what is -12102 + 10?
-12042
In base 4, what is 2 - 232?
-230
In base 7, what is -6 + 252?
243
In base 7, what is -41 - 5?
-46
In base 11, what is 429 + -4?
425
In base 11, what is -5 + 6?
1
In base 10, what is 1 + -746?
-745
In base 10, what is -4 - 53?
-57
In base 9, what is -4 + -166?
-171
In base 7, what is -206 + -25?
-234
In base 8, what is 40 + -134?
-74
In base 7, what is -5 + 1032?
1024
In base 12, what is 29 + 9?
36
In base 11, what is -13 + -50?
-63
In base 12, what is 748 + -1?
747
In base 6, what is 14 - -3240?
3254
In base 2, what is -110 - 110110111?
-110111101
In base 7, what is -5 - -2325?
2320
In base 6, what is 2435 + -1?
2434
In base 11, what is 9 + 9a?
a8
In base 15, what is -2 + 177?
175
In base 12, what is 1 + 52?
53
In base 3, what is -1 + 111?
110
In base 9, what is 2282 - -1?
2283
In base 3, what is 122 - 2?
120
In base 2, what is 1001 + 110010101?
110011110
In base 11, what is 1484 + -2?
1482
In base 16, what is 103 - 2?
101
In base 8, what is -7 + -63?
-72
In base 3, what is 10002 + -210?
2022
In base 3, what is -101 - -2?
-22
In base 6, what is 11 + -10453?
-10442
In base 15, what is b - -12?
1d
In base 5, what is 1010 + 11?
1021
In base 9, what is -3 - -3662?
3658
In base 12, what is -32 + 4?
-2a
In base 3, what is 0 - 1012?
-1012
In base 10, what is -171 + 1?
-170
In base 6, what is 0 - -1225?
1225
In base 3, what is -100 + 202221?
202121
In base 14, what is -5 + 19c?
197
In base 9, what is 20 - -180?
210
In base 14, what is -2958d + 1?
-2958c
In base 3, what is 11201021 - -12?
11201110
In base 6, what is -115 - -523?
404
In base 11, what is -208 - 6?
-213
In base 13, what is -6 + -1b?
-24
In base 4, what is 1 - 1031?
-1030
In base 7, what is 3 + -222?
-216
In base 9, what is 0 + 74?
74
In base 7, what is -5 - -54?
46
In base 13, what is 26 - -1c?
45
In base 8, what is -6451 - 3?
-6454
In base 12, what is -187 + 7?
-180
In base 12, what is -20 - -5?
-17
In base 6, what is -3 - -1333?
1330
In base 15, what is -1dd - 9?
-1e7
In base 9, what is 26 + -3?
23
In base 7, what is 245 - 251?
-3
In base 2, what is 110011000 - 11?
110010101
In base 8, what is 66 - -16?
104
In base 16, what is -2b1 + -8?
-2b9
In base 13, what is 3 - 446?
-443
In base 12, what is 97b - 1?
97a
In base 4, what is 0 + 20202?
20202
In base 12, what is 2a + 82?
b0
In base 15, what is -2 - 1e?
-21
In base 6, what is -2 - -1115?
1113
In base 4, what is 1 - -113012?
113013
In base 16, what is -3 - -1f?
1c
In base 9, what is -258 + 4?
-254
In base 10, what is -9 - 27?
-36
In base 14, what is -2 + -19?
-1b
In base 6, what is 4 - 1222?
-1214
In base 2, what is 111101100 - 110?
111100110
In base 16, what is 1 + 1a0?
1a1
In base 9, what is -8 - 715?
-724
In base 10, what is 4 - -3497?
3501
In base 7, what is 0 + -2125?
-2125
In base 13, what is 233a + -5?
2335
In base 14, what is -72 + -1?
-73
In base 7, what is 25 - -2422?
2450
In base 5, what is -102103 + 11?
-102042
In base 2, what is -100000100111 - -101?
-100000100010
In base 14, what is 18b + 4?
191
In base 8, what is -11 + 34?
23
In base 6, what is -133 - 5?
-142
In base 16, what is -4 - -55?
51
In base 3, what is -11 + -12022?
-12110
In base 11, what is 267 - -4?
270
In base 2, what is -11 - -1001?
110
In base 7, what is -101 - -53?
-15
In base 16, what is 2f4 + 5?
2f9
In base 11, what is 4 - -37?
40
In base 6, what is 210 - 42?
124
In base 3, what is -122221 + -2?
-200000
In base 6, what is 150 - 3?
143
In base 2, what is -110 + 1100?
110
In base 8, what is 10 + -264?
-254
In base 3, what is 102201 - -102?
110010
In base 10, what is 29 - -49?
78
In base 14, what is -10 - 4b?
-5b
In base 4, what is -1 + 21?
20
In base 11, what is 21 + -6?
16
In base 6, what is -325 - -5?
-320
In base 7, what is 2 - -123?
125
In base 14, what is 38 - 322?
-2c8
In base 4, what is -11213 + 11?
-11202
In base 4, what is 13 + -30?
-11
In base 6, what is -4 - -155?
151
In base 15, what is -1 + 427?
426
In base 4, what is 111 - -3?
120
In base 4, what is -20 + -10333?
-11013
In base 16, what is -12 + b?
-7
In base 9, what is -342 - 24?
-366
In base 2, what is 1110100 + 101?
1111001
In base 12, what is 4560 + -1?
455b
In base 12, what is -6 - 417?
-421
In base 3, what is -2 - 0?
-2
In base 16, what is 8 - 2e?
-26
In base 4, what is 3302 - 1221?
2021
In base 16, what is 33 + -3?
30
In base 2, what is 100 + 11011101?
11100001
In base 3, what is 1210101 - 200?
1202201
In base 4, what is -2 + -111210?
-111212
In base 2, what is 11000011000010 + 10?
11000011000100
In base 10, what is 553 - 1?
552
In base 11, what is a5a - -4?
a63
In base 7, what is -5 + 22420?
22412
In base 16, what is -12eb + 2?
-12e9
In base 10, what is -74 - -79?
5
In base 4, what is 0 - 311?
-311
In base 15, what is 15 - 6?
e
In base 12, what is -121 + -5?
-126
In base 4, what is -3213 - 2?
-3221
In base 10, what is 1588 + -18?
1570
In base 11, what is -3 - -537?
534
In base 2, what is -100100000 + -10?
-100100010
In base 6, what is -3 + -25?
-32
In base 7, what is -1 - -5?
4
In base 11, what is -158 + 0?
-158
In base 11, what is -17aa - 3?
-1802
In base 15, what is 83 + -4?
7e
In base 5, what is -3013 + -10?
-3023
In base 5, what is -2041 - -3?
-2033
In base 3, what is 12 + -2201?
-2112
In base 5, what is -3 - -200402?
200344
In base 8, what is -2 - -7?
5
In base 12, what is -75 - -1?
-74
In base 12, what is 2769 - 4?
2765
In base 15, what is e93 + -4?
e8e
In base 8, what is 235 - -26?
263
In base 13, what is -5 + 188?
183
In base 16, what is -1 + -3fc?
-3fd
In base 10, what is 21 - 3?
18
In base 9, what is -34 - 21?
-55
In base 14, what is 1 + 2c76?
2c77
In base 14, what is 52 - -6?
58
In base 7, what is 33 + 14?
50
In base 7, what is 1156 + 1?
1160
In base 5, what is 12 + -1?
11
In base 9, what is -45 - 231?
-276
In base 14, what is 5 + 30?
35
In base 6, what is -12 + -224?
-240
In base 3, what is 1000000 - -12?
1000012
In base 12, what is -3 + -505?
-508
In base 10, what is 13 - 270?
-257
In base 16, what is -e - -5?
-9
In base 9, what is 1712 - 26?
1675
In base 16, what is 29 - -3?
2c
In base 9, what is -148 + -2?
-151
In base 16, what is 8 + -1a7?
-19f
In base 5, what is -21134 + 2?
-21132
In base 16, what is c1 + 8?
c9
In base 7, what is 2333 + 4?
2340
In base 7, what is -4 + 465?
461
In base 7, what is 64454 - 3?
64451
In base 16, what is -1c - -8?
-14
In base 7, what is 5 - 6555?
-6550
In base 8, what is -511 + 16?
-473
In base 14, what is 0 - -51?
51
In base 